on factor of 1 and g?
1
Let z(u) = 21*u + 237. Let y(g) = 11*g + 119. Let b(n) = -11*y(n) + 6*z(n). Let s be b(-13). What is the greatest common divisor of s and 528?
48
Suppose 8670 = 31*l - 4454 - 7553. What is the greatest common factor of l and 58?
29
Let j = -114370 - -115620. Let f(c) = c**2 + 2*c + 2. Let h be f(6). Calculate the greatest common factor of j and h.
50
Let w(i) = -111*i - 26. Suppose -4*n + 8*n + 16 = 0. Let b be w(n). Let q = -68 + b. What is the highest common factor of q and 35?
35
Let b be -1 - -5 - (-11 - -9). Let s = -15 - -17. Suppose s*w - 2 = 10. What is the greatest common divisor of w and b?
6
Suppose 0*l + 110 = 5*l. Let b(q) be the second derivative of -10*q**3/3 + 13*q**2/2 - 4*q - 1. Let o be b(-1). Calculate the greatest common factor of o and l.
11
Suppose -4*p = 0, -g + 3*g + 3*p - 348 = 0. Let h = -9 + g. Let d be (h/(-25) - -6) + (-106)/(-10). What is the greatest common divisor of 110 and d?
10
Let g(j) = j**3 - j**2 + 14. Let m be g(0). Let v = m + 74. Let c = v - 38. What is the highest common factor of c and 10?
10
Let w(g) = -4*g + 10. Let c be w(9). Let v be (2/8 + (-19)/4)*c. Calculate the highest common factor of v and 27.
9
Suppose 0 = -6*m + 47 + 331. Let w = -37 + 35. Let t be (9/2)/(w/(-4)). Calculate the highest common factor of m and t.
9
Suppose -4*x + 4*o + 8 = 0, 3*o + 2*o + 18 = -3*x. Let y be 11 + -82 + x/1. Let b = 79 + y. What is the highest common divisor of 77 and b?
7
Let n(p) = p**2 + 775*p - 3104. Let s be n(4). Suppose -6 = -l - 3. Suppose 528 = l*y + y. Calculate the greatest common divisor of y and s.
12
Suppose 39 = 2*v + s, -7*v + 2*v - 5*s = -95. Suppose 2*b + 128 = 2*f + v, 5*f - 246 = -b. What is the highest common factor of 350 and f?
50
Suppose 3*m = i + 1, 2*i - 2 = -m - 4. Suppose 0 = -f + 15 - m. Let z = f - 9. What is the greatest common factor of 66 and z?
6
Suppose 133*c + 89*c - 35*c = 329681. Calculate the highest common factor of c and 129.
43
Suppose -u - 80 = -5*y, 385*y - 387*y + 5*u + 32 = 0. Calculate the highest common factor of y and 3728.
16
Let o = -10223 + 10526. Calculate the greatest common factor of 2020 and o.
101
Let j(k) = 20*k**2 + 175*k + 138. Let c be j(-8). Let p(u) = -u**3 - 4*u**2 - 3*u + 2. Let q be p(-3). What is the highest common factor of q and c?
2
Suppose -344*f - 70376 = -325*f. Suppose 2*h = 4 - 60. Let n be f/(-28) - (8/h)/(-1). What is the highest common factor of n and 12?
12
Let c(f) = 1876*f + 98. Let j be c(0). Let i(r) = 2*r + 2*r**2 - 3*r**2 - 7*r**3 - 3*r. Let g be i(-1). Calculate the greatest common divisor of g and j.
7
Let o(s) = 62*s**3 + 2*s**2 + 32*s - 83. Let q be o(3). Suppose 0*d = -3*d + 9, 52 = w - d. Calculate the highest common factor of q and w.
55
Suppose 55 = -5*x - 3*s, 4*s = -2*x - 14 - 8. Let a = x + 14. Suppose -a*c = -5*h - 15 + 58, 4*h - 34 = 2*c. What is the greatest common divisor of h and 8?
8
Suppose 7*t - 4*t + 14*t + 442 = 0. Suppose 367 + 603 = -5*f. Let p = t - f. What is the highest common divisor of 21 and p?
21
Suppose -4*z - 28 = -48. Suppose 0 = 4*c - 0*c - r - 955, -z*r = -c + 215. Calculate the greatest common divisor of c and 32.
16
Let m(c) = c**3 - 3*c**2 + 3*c - 4. Let l be m(3). Let d be ((-190)/(-8))/l*(-1 + 13). Suppose -q - 3 = -d. What is the highest common divisor of q and 72?
18
Suppose 2304 = 44*z - 78*z + 40*z. Let c be (-3 + 3 - 3) + 27. Calculate the greatest common divisor of z and c.
24
Suppose i = -i + 94. Suppose 7*r - 142*r + 2512 = -5318. Let q = r + i. What is the highest common divisor of 15 and q?
15
Suppose 0 = -5*h - k - 1087 - 2062, k + 1262 = -2*h. Let j = h - -637. What is the highest common factor of j and 216?
8
Let q be 119/14 - (1/(-2) + 0). Let o = 152 - 80. Suppose 10*t = q*t + o. Calculate the greatest common factor of t and 18.
18
Suppose f + 2*b = -357, 0*f - 2*f - 3*b - 713 = 0. Let g = 370 + f. Calculate the greatest common divisor of 435 and g.
15
Let i = 330 + -312. Suppose 1176 = -10*g + 59*g. What is the greatest common factor of g and i?
6
Let i(h) = 19*h**2 + h + 10. Let v(g) = g**3 + g**2 - 10*g - 6. Let d be v(-3). Let x be i(d). What is the highest common divisor of x and 70?
70
Let n be 64/6*12/8. Let g = -326 - -198. Let w = -124 - g. Calculate the highest common factor of w and n.
4
Suppose -2*g + 125 = f, -34*f + 31*f = -5*g - 331. Suppose -2*l - 49 = -75. What is the greatest common divisor of l and f?
13
Suppose m = -3*m + 112. Suppose w = -3*w + 36. Suppose -758 = -3*v - j, -4*v - 1270 = -w*v - 5*j. What is the highest common factor of m and v?
28
Let u(a) = -18*a - 285. Let w be u(-20). Let i(r) = r**2 - 2*r + 15. Let v be i(0). Calculate the greatest common divisor of v and w.
15
Suppose -47*w + 3*m = -50*w + 75, 5*m - 17 = w. Let d = -384 - -582. What is the greatest common factor of d and w?
18
Let i = 1460 - 840. What is the greatest common divisor of 25 and i?
5
Suppose 25*t - 2045 = -4*u + 20*t, 2*u - 4*t = 1016. Calculate the highest common factor of u and 120.
30
Let b(h) be the second derivative of h**3/6 + 4*h**2 - 14*h. Let m be b(-12). Let o be (1 - 3/m)*(2 + 2). What is the highest common divisor of 14 and o?
7
Let t be ((-364)/18)/(130/(-2340)). What is the greatest common divisor of 2093 and t?
91
Suppose 13402 = 3*f + 5*p, f - 195*p + 198*p = 4478. Calculate the highest common divisor of f and 68.
34
Let x(q) = -27*q + 34. Let w be x(-2). Let l = 91 - w. What is the greatest common divisor of l and 24?
3
Suppose 2*j - 171 = x, 47*x - 50*x + 389 = 5*j. Calculate the highest common factor of j and 2009.
41
Suppose 0 = -3*r + 4*d + 4, -6*d = -d + 5. Suppose r = 7*l - 296 - 208. Calculate the highest common factor of l and 24.
24
Let t be (-37)/(-6)*-4 - 4/12. Let j be 10/t*-14*(-10)/(-4). Let w be (-9 - -25)/(4/j). What is the greatest common factor of 112 and w?
56
Let m(f) = f**2 - 108*f + 1115. Let d be m(97). What is the greatest common factor of 51 and d?
3
Suppose 5*u = u. Suppose 0 = -u*b - 2*b + 32. Suppose 0 = 5*v - z - 65, -5*v + 28 + 7 = 5*z. Calculate the greatest common divisor of b and v.
4
Suppose -1462 - 554 = -88*z - 168. Calculate the greatest common divisor of z and 7980.
21
Suppose 23*s - s - 1194 - 21972 = 0. Calculate the greatest common divisor of s and 78.
39
Suppose -5*k = -290 - 80. What is the greatest common factor of k and 259?
37
Suppose 4*z + 1372*s - 1371*s = 22, 4*z - 14 = 3*s. What is the highest common factor of 755 and z?
5
Let b(n) = n**3 + 37*n**2 + 82*n + 233. Let y be b(-34). What is the highest common divisor of 166 and y?
83
Let b(o) = o**2 - 66*o + 507. Let d be b(7). What is the greatest common divisor of 3478 and d?
94
Let i = -918 - -1160. Let y = i - -55. What is the highest common factor of 135 and y?
27
Let g be ((-26)/(-5))/(10/25). Suppose -5*l = -7*s + 3*s - g, 5*s + 4*l - 35 = 0. Let h = 7 - 4. What is the greatest common divisor of s and h?
3
Let p(s) = -s**3 + 45*s**2 + 102*s - 139. Let r be p(47). Calculate the highest common divisor of r and 3.
3
Suppose 4*b = -0*b - 3*z + 32, -3*b + 24 = -2*z. Let y = 1 + b. Suppose -5*n = -y*n + 52. What is the highest common divisor of n and 91?
13
Suppose 20*v + 2654 = 77*v - 1678. Calculate the greatest common factor of 28196 and v.
76
Let t = 43 - -32. Let v = 707 + -677. What is the highest common divisor of t and v?
15
Let x = 346 - -368. Calculate the highest common divisor of x and 378.
42
Suppose 2750 = 4*f + 674*w - 673*w, 4*w = -2*f + 1396. What is the greatest common divisor of f and 6?
2
Let s(o) = -o**3 + 7*o**2 + 10*o - 10. Let w be s(7). Let a be ((-1404)/182)/((-11)/770). Calculate the greatest common factor of a and w.
60
Let n(m) = -23*m + 633. Let p be n(27). Calculate the greatest common factor of p and 3252.
12
Let p be (-4)/6 + (-3718)/(-33). Suppose 308*m + 256 = 324*m. What is the highest common factor of p and m?
16
Let a be -19*3/2*(6 + (-600)/18). What is the greatest common factor of a and 95?
19
Let v = 1034 + -1016. Let m be (-548)/411*v/(-4). Let p(x) = 48*x**2 + x - 1. Let q be p(1). What is the greatest common factor of q and m?
6
Suppose 5*v + 7*t - 815 = 3*t, 476 = 3*v + 5*t. Let p = 626 - v. Suppose 69 + 84 = 3*k. Calculate the highest common divisor of p and k.
51
Suppose -137*z 